 -1 + -11202?
-11210
In base 11, what is 9 + -2a8?
-29a
In base 15, what is 26e + -3?
26b
In base 14, what is 71 + -2?
6d
In base 10, what is 0 - -34?
34
In base 2, what is 101101 + 1101?
111010
In base 6, what is 1045 - -2?
1051
In base 11, what is 5 - 213?
-209
In base 3, what is 12022 + 10?
12102
In base 3, what is 122001102 + -10?
122001022
In base 3, what is -12022 + 1?
-12021
In base 14, what is -2 - b1?
-b3
In base 8, what is -1337 - 4?
-1343
In base 11, what is 3 - -2450?
2453
In base 6, what is 512 - -1?
513
In base 12, what is -5778 - 4?
-5780
In base 10, what is 216 - -8?
224
In base 8, what is 1027 - -13?
1042
In base 7, what is -3651 - 3?
-3654
In base 6, what is 2 - 20340?
-20334
In base 6, what is 5 + 245?
254
In base 7, what is 0 - -212?
212
In base 2, what is -100100 + -1011111?
-10000011
In base 14, what is -1 - d6?
-d7
In base 5, what is -111 + -420?
-1031
In base 16, what is 3d - 39?
4
In base 3, what is -10 + -12110?
-12120
In base 13, what is 12 + -8?
7
In base 6, what is 0 + 2220?
2220
In base 4, what is -3000 + -1?
-3001
In base 6, what is 2 + 15411?
15413
In base 12, what is -28 + 38?
10
In base 5, what is -34033 - 2?
-34040
In base 12, what is -1 + -7?
-8
In base 12, what is 32b - 1?
32a
In base 11, what is 840 + -4?
837
In base 6, what is 11 + -30?
-15
In base 7, what is 342 + -4?
335
In base 7, what is 12 - 11?
1
In base 8, what is -2 - 70?
-72
In base 15, what is -7b - 4?
-80
In base 15, what is 43 - -5?
48
In base 2, what is 10101011 + 11?
10101110
In base 16, what is -d32 + -3?
-d35
In base 13, what is 3 - -1705?
1708
In base 11, what is -3 + 826?
823
In base 10, what is 1 + -33?
-32
In base 7, what is -30 + -162?
-222
In base 15, what is -5 - 2c?
-32
In base 6, what is -2 - -103?
101
In base 14, what is -1948 + -5?
-194d
In base 14, what is 3b + -b?
30
In base 10, what is 4 + 13?
17
In base 14, what is 5 - -4a?
51
In base 5, what is -3 - 34?
-42
In base 3, what is 2010200 + 0?
2010200
In base 3, what is -22011 + 1000?
-21011
In base 7, what is -2044 - 15?
-2062
In base 2, what is -11 - -1110110010?
1110101111
In base 16, what is -2 - -4c0?
4be
In base 9, what is -4 + 583?
578
In base 10, what is 3 + 381?
384
In base 9, what is 1652 + 3?
1655
In base 6, what is -1 + 205?
204
In base 3, what is 1 + -1100?
-1022
In base 14, what is 0 - -27?
27
In base 11, what is -327 - 0?
-327
In base 11, what is 1 - -10a?
110
In base 13, what is -12 - 828?
-83a
In base 5, what is -1 - -12404?
12403
In base 11, what is -3 - 269?
-271
In base 5, what is 4 - -1?
10
In base 4, what is 300 + -22?
212
In base 6, what is 320 - -5?
325
In base 6, what is -113 + 1033?
520
In base 4, what is -2 + 110013?
110011
In base 4, what is 3 + -1012?
-1003
In base 12, what is -33 + 4?
-2b
In base 14, what is -3 - 1417?
-141a
In base 9, what is -505 - 3?
-508
In base 13, what is 840 + 5?
845
In base 4, what is -130021 - -2?
-130013
In base 14, what is -da3a - 3?
-da3d
In base 3, what is 1 + -102220?
-102212
In base 11, what is 2a - -101?
130
In base 16, what is -9 - 1a?
-23
In base 7, what is -1114 + -132?
-1246
In base 4, what is -3 - 1011?
-1020
In base 6, what is 3 + 221?
224
In base 11, what is -101 - -35?
-77
In base 14, what is 12 - -30?
42
In base 7, what is 0 - -114?
114
In base 2, what is -1001000001 - 100?
-1001000101
In base 15, what is -b - -2?
-9
In base 15, what is -3e + -6?
-45
In base 7, what is -414 + -4?
-421
In base 10, what is 14 + -752?
-738
In base 10, what is -5 - -100?
95
In base 2, what is 101 - 111010110100?
-111010101111
In base 4, what is 3 - 201111?
-201102
In base 12, what is -1531 + -1?
-1532
In base 3, what is 120120102 + -10?
120120022
In base 5, what is -20 - -1030?
1010
In base 16, what is 5 + b7?
bc
In base 5, what is 22 - -424?
1001
In base 13, what is -1133 - -4?
-112c
In base 2, what is 11010001 - -10?
11010011
In base 5, what is 120 - -23?
143
In base 9, what is 108 - -142?
251
In base 15, what is 3 - -92?
95
In base 10, what is 79 + 4?
83
In base 9, what is 3 - -4050?
4053
In base 11, what is -8 - -3?
-5
In base 11, what is -4 - 5a73?
-5a77
In base 14, what is -1c + -49?
-67
In base 5, what is 414 + 0?
414
In base 5, what is -14430 - 1?
-14431
In base 5, what is 4 + -242?
-233
In base 10, what is -35 - 5?
-40
In base 7, what is 6224 + 0?
6224
In base 4, what is 10 + 3023?
3033
In base 14, what is -4 + -9?
-d
In base 7, what is 3 - -1665?
2001
In base 7, what is 62 + 32?
124
In base 2, what is 11101101 + -10000?
11011101
In base 14, what is 17 + -14d?
-136
In base 13, what is c5 - 9?
b9
In base 9, what is -18 + -3?
-22
In base 14, what is -1 + -146?
-147
In base 4, what is -10 - 3211?
-3221
In base 7, what is 0 + 664?
664
In base 12, what is 111 + -8?
105
In base 9, what is 1 + 124?
125
In base 2, what is -101 - -1010101100000?
1010101011011
In base 6, what is -13 + -241?
-254
In base 15, what is c - b4?
-a7
In base 6, what is -1322 - 5?
-1331
In base 5, what is -1 - -1303?
1302
In base 10, what is 127 - 4?
123
In base 11, what is 7163 - -3?
7166
In base 15, what is 2 + -490?
-48d
In base 11, what is -75 + 5?
-70
In base 9, what is -2 - 153?
-155
In base 4, what is -321 - -21?
-300
In base 5, what is 10 + -221?
-211
In base 16, what is 3a5 + 5?
3aa
In base 6, what is -13 - 4310?
-4323
In base 4, what is -32 - 2113?
-2211
In base 12, what is a8b9 - -2?
a8bb
In base 2, what is 11 + -100001100?
-100001001
In base 10, what is 19 - -59?
78
In base 16, what is 1 + 70?
71
In base 14, what is -a4 + -1?
-a5
In base 8, what is 4 + -4667?
-4663
In base 15, what is -111c + -8?
-1125
In base 7, what is 0 - -55?
55
In base 3, what is -111 + 122?
11
In base 15, what is -64 - 5?
-69
In base 6, what is 315 + 25?
344
In base 13, what is -221 + 8?
-216
In base 14, what is -12 + 94?
82
In base 2, what is -100 + -1111101000?
-1111101100
In base 5, what is -2144 + -10?
-2204
In base 6, what is -133 - -42?
-51
In base 6, what is -1002 + 0?
-1002
In base 15, what is 9b7 + -1?
9b6
In base 13, what is 6b + -15c?
-c1
In base 4, what is -130 + -3133?
-3323
In base 6, what is 12 - 134?
-122
In base 15, what is -56 + 2?
-54
In base 12, what is 6 + -a9?
-a3
In base 15, what is -5d0 - -2?
-5cd
In base 6, what is -1220 - -20?
-1200
In base 12, what is 3b - -6?
45
In base 10, what is -69 + -41?
-110
In base 9, what is 2 - 585?
-583
In base 5, what is 1214 - -1111?
2330
In base 8, what is 2 - 177?
-175
In base 3, what is 22100 - -101?
22201
In base 10, what is 20 + 8?
28
In base 14, what is -9 - 75?
-80
In base 13, what is -1 - 27?
-28
In base 9, what is -675 + -4?
-680
In base 9, what is 46 - -12?
58
In base 16, what is -5f0 - -1?
-5ef
In base 16, what is 1 - -71?
72
In base 14, what is 15b - 0?
15b
In base 2, what is -100 - 10001101?
-10010001
In base 13, what is 11 + -10?
1
In base 6, what is -3 + 324?
321
In base 16, what is fd - -10?
10d
In base 16, what is -2a + -1f?
-49
In base 5, what is -2011 - 2?
-2013
In base 13, what is -2 + 41?
3c
In base 12, what is 2 + 45b?
461
In base 5, what is -2121 - -32?
-2034
In base 7, what is 36 + 6?
45
In base 12, what is 31 - 1a?
13
In base 9, what is 2 + 77?
80
In base 3, what is 222100 + 10?
222110
In base 11, what is -20 + 57?
37
In base 4, what is -3 - 130?
-133
In base 3, what is 22 + 1?
100
In base 6, what is -231 - 1?
-232
In base 4, what is 1011 - -2?
1013
In base 2, what is 110 - 1010011011?
-1010010101
In base 15, what is -1 - 52?
-53
In base 4, what is -12 - 231?
-303
In base 15, what is 122b + 5?
1231
In base 7, what is 6 - 1?
5
In base 3, what is 201 - 1101?
-200
In base 2, what is 1111111100 + 11?
1111111111
In base 5, what is -41 + -11?
-102
In base 6, what is 3 + 400?
403
In base 14, what is 6 - d7?
-d1
In base 7, what is -55063 + 1?
-55062
In base 11, what is -4 + 31?
28
In base 12, what is -2 - 1bb?
-201
In base 10, what is -2 + 69?
67
In base 7, what is -413 - 0?
-413
In base 11, what is -9 + 52?
44
In base 6, what is -3 - 1004?
-1011
In base 3, what is -1 + -2000?
-2001
In base 12, what is -5118 + -4?
-5120
In base 3, what is 11201 + 111?
12012
In base 11, what is 29 + 7?
35
In base 4, what is 213 + 10?
223
In base 13, what is -5 + -68?
-70
In base 11, what is 391 - -4?
395
In base 7, what is 2203 - 4?
2166
In base 4, what is -11121 + -22?
-11203
In base 6, what is 4 - -445?
453
